s the remainder when m is divided by ((-9)/36 + 1)/(3/104)?
25
Let b be (-18)/((-1)/(14/(-4))). Suppose -4875 = -75*o + 36*o. Let h = b + o. What is the remainder when h is divided by 22?
18
Suppose 2625 = 4*j + j. Calculate the remainder when j is divided by -1 + 1336/104 - ((-170)/(-65))/(-17).
9
Suppose 3*t + 2 = -2*h, 0 = 2*t - 4*t + 4*h - 12. Let v(l) = 11*l - 2. Calculate the remainder when 493/5 - t/5 is divided by v(2).
19
Let m(s) = s**3 + 7*s**2 + 5*s + 4. Let d(k) = 18*k - 45. Calculate the remainder when d(8) is divided by m(-6).
9
Let l = 23131 + -22667. Calculate the remainder when l is divided by 148.
20
Suppose 2*k + 30 = -k. Let a = k - -19. Suppose -4*p - 5*u + 121 = 0, 0 = 4*p + 2*u - 11 - 119. Calculate the remainder when p is divided by a.
7
What is the remainder when 169 is divided by -4*((-12075)/30)/23?
29
Suppose -14*v + 607 = 187. What is the remainder when 346 is divided by v?
16
Let m(o) = 3*o**2 - 45*o - 76. Let l = 41 + -29. Calculate the remainder when m(17) is divided by l.
2
Let g(t) = t**3 + 20*t**2 + 81*t - 4. What is the remainder when 198 is divided by g(-6)?
2
Calculate the remainder when 13875 is divided by -14*(456/(-84) - -4).
15
Let l = 1772 + -903. Suppose -20*f + l = -9*f. Calculate the remainder when f is divided by 43.
36
Let t(z) = 462*z + 1415. Calculate the remainder when 1300 is divided by t(-3).
24
Let q(c) = 2*c**2 + 25*c + 179. What is the remainder when 521 is divided by q(-7)?
11
Let u be -1 + -2 + 1 + 13616/(-74). Let l = 230 + u. What is the remainder when l is divided by 23?
21
Let g = 129 + -83. Suppose -2*z = -2*v + 88, -11*v - 5*z - 111 = -467. What is the remainder when g is divided by v?
10
Let m = 34 - -25. Calculate the remainder when 2177 is divided by m.
53
Suppose -4*a = -3*a - 1. Let q = a - -3. Let v = 383 - 371. What is the remainder when v is divided by q?
0
Suppose 0 = u + 6 - 41. Let x = u - 35. Calculate the remainder when x*1/3 - (-111 + 4) is divided by 22.
19
Let u(g) = 9*g**2 + g - 2. Let v be u(1). Let w(q) = q + 9. What is the remainder when 65 is divided by w(v)?
14
Suppose 0 = -15*t - 4813 + 17698. What is the remainder when t is divided by 21?
19
What is the remainder when 2000 is divided by (-40)/8 - 1*-8?
2
Suppose -160*q - 290 = -161*q. Let j = q + -228. Let k(m) = -m**3 - m + 21. Calculate the remainder when j is divided by k(0).
20
Let l(u) = 6*u**3 - 41*u**2 - 45*u + 73. Calculate the remainder when 1925 is divided by l(8).
154
Let x be 11 - 215/20 - 5359/(-4). Suppose -x = -13*f - 7*f. What is the remainder when 196 is divided by f?
62
Let j = 208 - 197. Suppose -22*m + 682 = -j*m. Suppose 5 = 5*h - 4*h. What is the remainder when m is divided by h?
2
Suppose 0 = 17*w - 219 - 852. Let o(z) = -3*z + 7. Let m be o(-5). Let v = m - 9. What is the remainder when w is divided by v?
11
Let g(u) = u**2 + 12*u - 22. Let c be g(-14). Suppose c*a = -a - 126. What is the remainder when 8/36 + (68/a)/(-1) is divided by 1?
0
Suppose 4*y = 87 + 69. What is the remainder when 10*(-598)/195*-15*1/4 is divided by y?
37
Suppose -k - 5 = 0, 5*i = 2*k + 3*k + 725. Suppose 2*b + 222*w - 239*w = -78, -b + 69 = 5*w. What is the remainder when i is divided by b?
24
Suppose 3*o - 27 = -5*v + 7*v, 5*o + 3 = -2*v. Let a(p) = -20*p**3 - p**2. Calculate the remainder when a(-1) is divided by o.
1
Let y(f) = f**3 + 71*f**2 - 125*f + 1539. What is the remainder when 5222 is divided by y(-73)?
2
Suppose -3*y + 2*l = l + 93, 0 = -2*y - 5*l - 45. Suppose -2*c = -5*t - 4*c + 51, 0 = t - 3*c. Calculate the remainder when 8/(-3 - y/t) is divided by 14.
10
What is the remainder when 3/9*(10 - -1499) is divided by (297/(-18))/(0 + (-3)/4)?
19
Let y(h) = 52*h - 225. What is the remainder when y(64) is divided by 42?
37
Let l be (95/(-20) + 6)*16. What is the remainder when ((-11)/4)/((-5)/l) is divided by 6?
5
Let r(l) = l**2 + 6*l - 7536. What is the remainder when 1926 is divided by r(-92)?
46
Suppose 4*r - 2*r - 10 = 0, 4*w + 3*r + 21 = 0. Let k = 16 - w. Suppose -4*l = -3*b + 206 + 62, 293 = 3*b + l. What is the remainder when b is divided by k?
21
Let c = 671 - 319. Calculate the remainder when c is divided by 104.
40
Let l(n) = 2*n**3 + 203*n**2 + 295*n - 16. What is the remainder when l(-100) is divided by 95?
9
Let c = -53 - -78. Let z(q) = 6*q + 25. Let o be z(-4). What is the remainder when ((-6)/(-4))/(o + (-282)/288) is divided by c?
22
Let i be (4 - (1 - 0)) + -2 + 14. Suppose i*m - 72 = 3*m. Let z(u) = u**2 + u - 18. Calculate the remainder when z(m) is divided by 13.
11
Let n = 137 - 143. Calculate the remainder when 29/((-25)/n - (5 + -1)) is divided by 59.
56
Let k(x) = -3*x**2 - 4*x - 2. Let u be k(-3). Calculate the remainder when (-4071)/(-27) - 2/(-9) is divided by (u - (4 + 1))/(-1).
19
What is the remainder when 14 - (-4 + (-369 - -5)) is divided by 273?
109
Let i = -9 + 12. Suppose i*b - 248 = -62. Let k = -527 + 540. What is the remainder when b is divided by k?
10
Suppose -u = 2*z - 677, 5*z + 5*u = 4*z + 334. What is the remainder when z is divided by 48?
3
Let w = -177 - -200. Suppose -2*y - 1365 = -w*y. Calculate the remainder when y is divided by 11.
10
Suppose 0 = 5*k - 5*j - 72500, 4*j = -74*k + 70*k + 57936. Calculate the remainder when k is divided by 13.
10
Let j be (-7)/(-35) - (3 - (-66)/5). Let o(v) = -2*v - 5. Let w(t) = -t - 3. Let q(d) = -2*o(d) + 5*w(d). What is the remainder when 30 is divided by q(j)?
8
Suppose 20 - 14 = 3*z, -3*x + 5*z = -128. Let r = 206 - 130. Suppose 0 = 4*a - 5*b + r - 186, -6 = 3*b. What is the remainder when x is divided by a?
21
Let i be 0/(0 + 8/4). Let f = -191 - -248. What is the remainder when f is divided by -4*(i + (-15)/4)?
12
Let o be 8/10*155/2. Suppose o*r = 54*r + 2024. Calculate the remainder when r is divided by 43.
38
Let f = 9578 - 8847. What is the remainder when f is divided by 357?
17
Let m(q) = -2*q**2 - 9*q - 12. Let k be m(-6). Let y = k + 28. Calculate the remainder when 18/9*(y - -24) is divided by 13.
5
Suppose 28*c - 32*c = -3*u - 194, 0 = 4*u - 8. What is the remainder when 269 is divided by c?
19
Calculate the remainder when ((-270)/180)/(6/(-28568)) is divided by 38.
36
Let h(f) = 197*f + 810. Calculate the remainder when h(-4) is divided by (-2 - (-28)/20)*-30.
4
Let c = 337 - 321. Suppose q - c = -2*a + 56, -2*a = -8. Calculate the remainder when q is divided by 29.
6
Let z(t) = -t**3 + 29*t**2 + 5*t - 95. Suppose 0 = 3*o + 5*i - 67, -8*o + 5*o - 4*i = -71. What is the remainder when 142 is divided by z(o)?
42
Suppose -33*q = 4*q - 23199. Let f = q + -585. Let l(c) = -c**3 - 6*c**2 - 3*c - 9. Calculate the remainder when f is divided by l(-6).
6
Let w = -2707 - -2758. What is the remainder when w is divided by 44?
7
Let n(t) = -t**3 + 10*t**2. Suppose 10 = 42*s - 41*s. Let z be n(s). Suppose 2*k + 2*g - 204 = z, g - 5 = -0. What is the remainder when k is divided by 9?
7
Let y(s) = s**3 - 6*s**2 - 15*s - 8. Let m be y(8). Suppose 0 = 6*j - 5*j - 5*g - 31, m = j + g - 7. Calculate the remainder when 106 is divided by j.
7
Suppose -2*m - 42 = -8*m. Let g(d) = 2*d + 2. Suppose 3*c - 151 = -5*o, -c + 2*o - 3*o + 49 = 0. What is the remainder when c is divided by g(m)?
15
Let w(p) = 2 + p**2 + 2 + 0. Let s(v) = v**2 + 63*v - 76. What is the remainder when s(-65) is divided by w(-5)?
25
Suppose -110 = -8*l + 3*l. Let z be ((-2)/(-12))/(((-77)/(-42306))/7). Let y = -556 + z. What is the remainder when y is divided by l?
19
Suppose -283*x = 123*x + 366*x - 111940. What is the remainder when 6664 is divided by x?
139
Suppose 2*a + 5*z = -7, -5*a + 0*z - 3 = -2*z. What is the remainder when 1 is divided by (-4)/(-1) + a + -2?
0
Let s(y) = y**3 - 35*y**2 + 297*y + 182. What is the remainder when 1287 is divided by s(22)?
15
Let f = -56 + 61. Suppose -f*d - 1 = -6, -5*l - 5*d = 80. Let n = l + 37. Calculate the remainder when 75 is divided by n.
15
Suppose -49*g + 34*g = -1080. Let r = g + -43. Calculate the remainder when 113 is divided by r.
26
Suppose -4*h = 4*v - 556, 2*h = v + h - 129. Suppose 178 = 5*s - 2*c, -v - 47 = -5*s - c. What is the remainder when s is divided by 14?
8
Let t(m) = m**3 + 15*m**2 + 17*m + 40. Let i(a) = a**3 + 15*a**2 + 19*a + 41. Let c(h) = 7*i(h) - 6*t(h). What is the rema